 69*f**2 + 16*f - 13. Let g be l(1). Calculate the highest common factor of 2196 and g.
36
Suppose -10*q = 2*s + s - 417, 3*q - s = 127. What is the greatest common divisor of 5362 and q?
14
Let k = 7 + -3. Suppose -2*s = -k*o + 22, 17 = 4*o + 5*s - 2*s. Suppose 2*r = b + r - 75, 0 = o*b - r - 379. Calculate the greatest common factor of 19 and b.
19
Let p(c) = c**2 + 14*c - 29. Suppose -9 - 161 = 10*i. Let u be p(i). Calculate the highest common factor of 77 and u.
11
Let a(v) = 4*v**2 + 2*v - 2. Let t be a(1). Suppose -4*s = -4 - t. Suppose 16 = 2*z + 2*u, s*z + 1 = -3*u + 18. Calculate the highest common divisor of z and 1.
1
Suppose 29800 = 45*c - 27575. What is the greatest common divisor of 1350 and c?
75
Let v be 1 - -1 - (3 - (-22)/(-2)). Let l = -24 - -25. Let m be (-3)/((l/3)/((-6)/9)). Calculate the highest common factor of m and v.
2
Suppose -6*o = 5*h - 2*o - 147, 0 = -o + 3. Suppose h*f = 22*f + 80. What is the highest common factor of f and 136?
8
Suppose -5*z = z + 6. Let c be -1*(-1)/z*(-2 + 3). Let b be (1*c)/(74/(-24) + 3). What is the highest common factor of b and 3?
3
Let t(r) = 13*r - 59. Let k be t(6). Suppose k*u - 56 = 17*u. Calculate the highest common divisor of u and 70.
14
Suppose -z = -o + 4, -4*z - o = o + 40. Let q be (-2)/z - 63/(-4). Suppose 21489 = -349*d + 22187. What is the greatest common factor of q and d?
2
Let m = 2763 + -2720. Calculate the greatest common divisor of m and 1032.
43
Suppose -a - 15*z + 234 = -17*z, -a + 232 = -4*z. Calculate the highest common divisor of a and 21240.
236
Suppose 0 = 26*c - 329*c - 1087 + 3814. What is the highest common factor of 1560 and c?
3
Let o = -19 - -9. Let x(z) = 18 + 68*z - 12 - 59*z + z**2. Let a be x(o). What is the greatest common divisor of 144 and a?
16
Let z be 234/702 + 4/6*487. What is the highest common divisor of z and 2041?
13
Suppose r - 32 = 22. Let j(q) = 252*q - 3000. Let c be j(12). Calculate the highest common divisor of r and c.
6
Let j be -21*(-90)/63 - 14. Calculate the highest common divisor of 332 and j.
4
Suppose -29*x + 117 = 3*i - 26*x, 0 = 5*i + x - 195. What is the highest common factor of 27 and i?
3
Let p be (45/10)/(-9)*-4222. Suppose 2*f = -c + 415, 0 = 5*c + 10*f - 9*f - p. Calculate the highest common divisor of 18 and c.
9
Let h be (2 - 0) + 1*(325 + 2). Suppose 4*s + h = 89. Let n = s + 186. Calculate the highest common divisor of n and 42.
42
Let s(y) = -4*y - 87. Let q be s(-26). Let x(p) = -5*p + 91. Let w be x(q). What is the highest common divisor of 27 and w?
3
Let g(d) = 5*d + 311. Let y be g(-57). What is the greatest common factor of y and 1157?
13
Suppose 17*m - 12 = 13*m. Suppose -27 = -h + m*p, 0 = p - 2*p - 4. Calculate the highest common factor of 60 and h.
15
Let j = -221 - -222. Let w(f) = 16*f**3 + 1. Let l be w(j). What is the greatest common factor of l and 68?
17
Suppose 4*i + 8 = 6*i. Let x be ((-2)/i)/(1/(-6)). Suppose 0 = -3*l + 6, x*l + 4 = -2*b + 12. Calculate the highest common factor of 5 and b.
1
Suppose 3*n + 771 = 5*k, -n - 483 = -3*k - 6*n. Suppose 38*x + 44 - 666 = 860. Calculate the greatest common factor of k and x.
39
Let w = 10290 + -7284. What is the highest common factor of 36 and w?
18
Suppose 2*k + 563*v = 568*v + 6991, 0 = -4*k + v + 13991. What is the greatest common divisor of 22 and k?
22
Let n = 306 - 288. Let j(v) = 4*v - 66. Let g be j(n). Let x = 18 + -3. Calculate the greatest common divisor of g and x.
3
Let t be ((-6)/5)/(6/40). Let s(q) = 5*q**2 - 11*q - 16. Let u be s(t). Calculate the highest common factor of u and 49.
49
Let j = -18488 + 37112. Calculate the greatest common factor of 291 and j.
291
Suppose 106 = -20*q + 706. Let f be 149*3/q - 2/(-20). What is the greatest common factor of 25 and f?
5
Suppose 3*d + 15 = 8*d. Suppose -z + 4 = 3, 0 = -r - d*z + 73. Suppose 2*o + 5*p = 5*o - 57, 0 = -o - 4*p + 2. Calculate the highest common divisor of r and o.
14
Let r be 176/80 - 1/5. Suppose -x - 3*n + 1230 = 3*x, -3*n + 618 = r*x. Let u(s) = 34*s. Let l be u(1). What is the greatest common factor of l and x?
34
Let x be (-4)/(-34) + (-477)/153. Let l be (36/x)/((-8)/240) + 3. What is the greatest common factor of l and 33?
33
Let c(r) = 275*r - 1821. Let x be c(7). What is the greatest common factor of x and 1392?
8
Let m = 1762 + -1515. Calculate the highest common divisor of m and 39.
13
Let d = 26792 + -17192. Calculate the greatest common factor of d and 6.
6
Suppose 0 = -7*i + 5*i - 3*s + 57, -i = -s - 46. Calculate the highest common factor of 21 and i.
3
Let l(w) be the first derivative of 5*w**3/3 + w**2 + 2*w + 38. Let h be l(4). Let a be (-1 - -2)/(9/h). What is the greatest common divisor of 10 and a?
10
Let w(y) = 35*y**2 + 67*y + 222. Let c be w(-3). Calculate the highest common factor of c and 1323.
21
Let j = 6 + 8. Suppose 94*f = 90*f + 20. Suppose 5*v + 18*r = 20*r + 552, -v - f*r + 132 = 0. What is the greatest common divisor of v and j?
14
Suppose 62 = 10*z - 28. Suppose 0 = -z*h + 4 + 59. What is the highest common factor of h and 413?
7
Suppose 35*s = -1259 - 7911. Let k = 343 + s. What is the greatest common divisor of k and 18?
9
Let q(c) = -c**3 - 6*c**2 + 6*c + 8. Let x be q(-7). Let f(a) = -14*a + 213. Let o = 374 - 359. Let j be f(o). What is the highest common factor of j and x?
3
Let x(h) = h**3 + h**2 - 4*h + 5. Let b be x(0). Suppose -56 = -3*k + 4*f + 24, k + 3*f = b. What is the highest common factor of 380 and k?
20
Let g be 8/((-6)/(-21) + 10260/(-36792)). Calculate the highest common divisor of 64 and g.
16
Let s(m) = 678*m + 2. Let z be s(1). Suppose -10*q = 260 - z. Calculate the greatest common divisor of q and 273.
21
Let t(b) = 2*b**2 + 5*b + 2. Let h be t(10). Suppose -6*j - h = j. Let v = 69 + j. Calculate the greatest common divisor of v and 11.
11
Let k = 21654 - 21027. Calculate the highest common factor of 133 and k.
19
Let z(f) = -f**3 + 13. Let d be z(0). Let a be -4*3/(-2) + 1334/29. What is the greatest common factor of d and a?
13
Let l(n) = 294*n**2 + 4*n - 2. Let r be l(1). Suppose 7*v = r + 40. What is the greatest common divisor of 15 and v?
3
Let d be (-51)/(-2) + (-2)/(-4). Let c = 123405 + -123392. Calculate the highest common factor of c and d.
13
Let f be ((2/1)/2)/(-5*(-11)/660). Let u = -6 - -15. What is the highest common factor of u and f?
3
Let b(g) = 294*g - 3376. Let r be b(12). What is the greatest common factor of r and 988?
76
Suppose -3*s - 9 = -2*n, 9*s - n = 4*s - 1. Let p = -7 + 44. Calculate the greatest common divisor of s and p.
1
Let p = 6200 - 6152. Let r be ((-4)/8)/(4/(-2176)). Calculate the highest common divisor of r and p.
16
Let u = 640 - 636. Let z be -7*1 + 4/(-8)*6. Let s be ((-8)/z)/(8/20). Calculate the highest common divisor of s and u.
2
Suppose 432 = 4*v - 2*t, -4*t - 1696 = 27*v - 43*v. Calculate the greatest common divisor of 88 and v.
8
Let s be (((-177390)/50)/27)/(3/(-20)). What is the highest common factor of 48 and s?
12
Suppose -456*i = -582*i + 32256. Suppose 3 = n - 3*h - 11, -5*n = -3*h - 46. What is the greatest common divisor of n and i?
8
Suppose -2 = w - 1, 5*y = 2*w - 98. Let q be (-1)/(-4) - (525/y)/3. Let o = -71 - -73. Calculate the greatest common factor of q and o.
1
Suppose -5*a - 4*v = -7*a + 92, -5*a + 2*v = -262. Let h = a + 96. Calculate the highest common divisor of 30 and h.
30
Suppose -2*u - 3580 = 2*u. Let g = u - -901. What is the greatest common divisor of 56 and g?
2
Suppose -9*z - 1003 = 1949. Let d = z - -358. What is the highest common factor of 210 and d?
30
Let v be (21/12 - 2) + (-9006)/(-24). What is the greatest common divisor of v and 300?
75
Suppose 0 = -q + 5*b + 120, -3*q - 37*b + 39*b + 334 = 0. Calculate the greatest common divisor of 10 and q.
10
Suppose -42 = -8*h - 6*h. Suppose h*l = 13*l - 920. Suppose 0 = -l*m + 95*m - 1056. What is the highest common divisor of 32 and m?
32
Let z be 10/75 - 5606/(-30). Let j be 5 + 76 - 4/1. Calculate the highest common factor of j and z.
11
Let z be (-3 - 6/3)*-2. Let r = -11 + 14. Suppose 5*v + 23 = 4*i, -3*i = -r*v - 5 - z. Calculate the greatest common divisor of 14 and i.
2
Let b(t) = -2*t**3 + 188*t**2 + 100*t + 239. Let c be b(94). Calculate the greatest common factor of c and 306